 + -15789?
-15786
In base 16, what is -1bd91 + 0?
-1bd91
In base 5, what is -23113 - 4?
-23122
In base 16, what is 16cc + 38?
1704
In base 14, what is -149 + -45?
-190
In base 8, what is -3 - 1536215?
-1536220
In base 4, what is -13023021121 - 2?
-13023021123
In base 2, what is -100111111011010 + -1?
-100111111011011
In base 5, what is 14 - 341?
-322
In base 6, what is -2 + -30410532?
-30410534
In base 10, what is 160 + 254?
414
In base 13, what is 125c56 - -4?
125c5a
In base 15, what is -a33 + 254?
-7ce
In base 5, what is -13 + -13124403?
-13124421
In base 16, what is 1c8ae5 - 1?
1c8ae4
In base 10, what is -66 + -744?
-810
In base 8, what is 1012055 - -5?
1012062
In base 11, what is 39 - -465?
4a3
In base 3, what is 2 - -101012010220?
101012010222
In base 2, what is 111 - -11011111100100?
11011111101011
In base 12, what is a2 + -182?
-a0
In base 8, what is 11 + 35014?
35025
In base 12, what is 2 + -b357?
-b355
In base 4, what is 32032 + 2233?
100331
In base 12, what is 47458 + -4?
47454
In base 11, what is 755a + -9?
7551
In base 4, what is 123300322121 + -11?
123300322110
In base 5, what is -12310 + -42433?
-110243
In base 7, what is -35 - 353?
-421
In base 15, what is 7b + -502?
-476
In base 3, what is -10 + -200220010?
-200220020
In base 16, what is -e - -1400?
13f2
In base 14, what is c8 - -77?
161
In base 6, what is 5 + -430331?
-430322
In base 2, what is -100100011 - -10100100?
-1111111
In base 8, what is -4 - 346256?
-346262
In base 4, what is -10111 - -102103?
31332
In base 14, what is -8568 - 64?
-85cc
In base 9, what is 0 - -307610?
307610
In base 11, what is 5 - 4a7231?
-4a7227
In base 13, what is -3 + 39966?
39963
In base 6, what is -1233005 + 2?
-1233003
In base 15, what is 2b7db - a?
2b7d1
In base 9, what is -6 + -21445?
-21452
In base 16, what is 2be + 1?
2bf
In base 5, what is 0 + -23233202?
-23233202
In base 4, what is 11 - 13220210?
-13220133
In base 9, what is 25688 + -107?
25581
In base 2, what is 1100110001000000 + -1001000?
1100101111111000
In base 4, what is 1113 - -1110?
2223
In base 3, what is 21 - -1112121021?
1112121112
In base 14, what is 3d - -69c7?
6a26
In base 2, what is -10 - 100000100011010?
-100000100011100
In base 12, what is 1 - 6922?
-6921
In base 3, what is -1 + 201010021?
201010020
In base 15, what is -5433 - -5?
-542d
In base 13, what is 147 - -51a?
664
In base 14, what is -4bcd + -32?
-4c21
In base 10, what is 1 - 2969?
-2968
In base 12, what is 10218 - 26?
101b2
In base 10, what is -206 + 2442?
2236
In base 3, what is 11 + 11011201?
11011212
In base 5, what is 14421 + -13?
14403
In base 9, what is 2 + -12257?
-12255
In base 5, what is -1031 + -1213?
-2244
In base 4, what is 210011 - 23222?
120123
In base 15, what is 5 - 3c65?
-3c60
In base 4, what is -22101 + -2030?
-30131
In base 11, what is -29 - -3288?
325a
In base 9, what is -1700 - -557?
-1132
In base 6, what is 33331005 - -2?
33331011
In base 11, what is 15321 + -63?
15269
In base 16, what is 117a93 + -5?
117a8e
In base 15, what is -2d + 1531?
1503
In base 10, what is 2 + 1879?
1881
In base 7, what is -2 + -1153014?
-1153016
In base 12, what is 1727 + 694?
21bb
In base 7, what is 63 - 2316?
-2223
In base 8, what is 123 - 777?
-654
In base 8, what is 3 - 76717?
-76714
In base 6, what is 204312 + 5?
204321
In base 3, what is 12 - -110021220?
110022002
In base 13, what is -6c - 4a0?
-53c
In base 11, what is 1224632 + -3?
122462a
In base 4, what is 100001 - 1003?
32332
In base 11, what is -5 + 208979?
208974
In base 3, what is -10121121110 + -11?
-10121121121
In base 14, what is 0 - -c9878?
c9878
In base 10, what is -39066 + -6?
-39072
In base 9, what is 172230 - -1?
172231
In base 7, what is 1503000 + -4?
1502663
In base 10, what is 102 - -11398?
11500
In base 12, what is -377b + -15?
-3794
In base 5, what is -10 + 1041142?
1041132
In base 3, what is -11101002 - -221?
-11100011
In base 14, what is 11cd + -4?
11c9
In base 4, what is -3022 - 32?
-3120
In base 12, what is -138b + -831?
-2000
In base 2, what is 0 - 110010010000101110001?
-110010010000101110001
In base 14, what is -2 - 41337?
-41339
In base 12, what is 37079 - -1?
3707a
In base 12, what is 31714 + 2?
31716
In base 9, what is 36 - 14715?
-14668
In base 11, what is 2309 - 4?
2305
In base 15, what is -3 - 3da2?
-3da5
In base 14, what is -b4 - 122?
-1d6
In base 9, what is -11178276 + -4?
-11178281
In base 16, what is -3fb1d - 4?
-3fb21
In base 5, what is -143221 + 42?
-143124
In base 9, what is -1516171 - 2?
-1516173
In base 7, what is -313566 - 11?
-313610
In base 12, what is -1a - -1920?
1902
In base 13, what is -36511 + -4?
-36515
In base 9, what is 80876 - 67?
80808
In base 7, what is 3 + -116500?
-116464
In base 2, what is 1010110 + 1100111100?
1110010010
In base 2, what is -1001001110110 + 110000?
-1001001000110
In base 12, what is -2026 + 1a?
-2008
In base 16, what is 5 + -1d4b?
-1d46
In base 14, what is 38 - 8767?
-872d
In base 8, what is -351222 - -3?
-351217
In base 14, what is dca + 29?
1015
In base 8, what is 635 - -341?
1176
In base 13, what is -1a + -4551?
-456b
In base 16, what is -4 - f614?
-f618
In base 7, what is -2622115 + -5?
-2622123
In base 14, what is 11c - -158?
276
In base 5, what is 1040304 - 23?
1040231
In base 11, what is 25 + a11?
a36
In base 16, what is 10954c - 0?
10954c
In base 8, what is 4563 - 2200?
2363
In base 8, what is 1214 + 174?
1410
In base 2, what is 1011110 + -101000101100011?
-101000100000101
In base 9, what is -4 + 20563?
20558
In base 13, what is -31bb + 1?
-31ba
In base 6, what is 115 - 12100?
-11541
In base 11, what is 499 - 4716?
-4228
In base 14, what is 65ca + -27?
65a3
In base 6, what is -1 - 224341?
-224342
In base 3, what is 100222121210 + 11?
100222121221
In base 3, what is -202220210112 - 0?
-202220210112
In base 16, what is -5 - -ce206?
ce201
In base 9, what is 17602 - 0?
17602
In base 14, what is 153bb - -4?
153c1
In base 14, what is -4 - 44aa?
-44b0
In base 3, what is 100000 + 1100?
101100
In base 3, what is -102022 + 11202?
-20120
In base 4, what is 11111011 + -3?
11111002
In base 14, what is -dc622 - 2?
-dc624
In base 13, what is -a1312 + -1?
-a1313
In base 3, what is -2120211 - 11101?
-2202012
In base 14, what is -5d598 - 2?
-5d59a
In base 3, what is -10010102 + 112121?
-2120211
In base 13, what is -14 - 1a6c8?
-1a70c
In base 10, what is 1 + 22424?
22425
In base 14, what is 90013 + -4?
9000d
In base 2, what is -101110101110101 - 10?
-101110101110111
In base 15, what is -3d - -718?
6ca
In base 3, what is 1021112 - -10001212?
11100101
In base 9, what is -481 - -75?
-405
In base 6, what is 123234520 - 3?
123234513
In base 4, what is 102033 + 23?
102122
In base 14, what is -4b4 - -111?
-3a3
In base 10, what is -305 + -259?
-564
In base 15, what is -15846 - -2?
-15844
In base 3, what is -22212 - -1001220?
202001
In base 3, what is 120 - 210020?
-202200
In base 15, what is 2a9a88 + 5?
2a9a8d
In base 11, what is -30a + -12060?
-1236a
In base 16, what is 3 - -dee2a?
dee2d
In base 7, what is 4335 + 355?
5023
In base 7, what is -15406 + -21?
-15430
In base 6, what is -203 + 33?
-130
In base 8, what is -10 + 25426?
25416
In base 8, what is -277 - -2164?
1665
In base 4, what is -2113 - -12302032?
12233313
In base 4, what is -1 + -2131012?
-2131013
In base 3, what is 211 - 1121110?
-1120122
In base 5, what is 4 + 24330111?
24330120
In base 11, what is 86173 - 1?
86172
In base 10, what is -10 - 2203?
-2213
In base 6, what is -1205 + 13?
-1152
In base 13, what is 21 - -300a?
302b
In base 11, what is -458 - -65?
-3a3
In base 8, what is 133047 - 0?
133047
In base 4, what is 133313 + 1022?
201001
In base 5, what is -124030400 + -14?
-124030414
In base 12, what is -8 + -108aa?
-108b6
In base 7, what is -62 + -116442?
-116534
In base 12, what is -712ba - -1?
-712b9
In base 4, what is -30302230 + -30?
-30302320
In base 9, what is 36777 - -4?
36782
In base 9, what is 4 - -285513?
285517
In base 4, what is -1 + -103231312?
-103231313
In base 12, what is -14 + 4ba44?
4ba30
In base 8, what is 4 - 141570?
-141564
In base 6, what is 431045 + -3?
431042
In base 5, what is 24004 + 303?
24312
In base 9, what is -10 + 26721?
26711
In base 13, what is 27 + -ba?
-93
In base 2, what is -110110010000011110 - 100?
-110110010000100010
In base 10, what is 12889 